(base 10) in base 12?
9942
5be (base 15) to base 11
a86
Convert -39a (base 14) to base 10.
-724
Convert 4826 (base 9) to base 5.
103323
Convert 30014 (base 6) to base 3.
12100101
-20101 (base 4) to base 16
-211
Convert 1221030 (base 4) to base 12.
3a90
What is -3350 (base 8) in base 9?
-2374
What is 1217 (base 13) in base 5?
40210
Convert -11348 (base 12) to base 15.
-6c02
Convert 33464 (base 9) to base 3.
1010112011
7b75 (base 12) to base 5
420034
-54640 (base 7) to base 2
-11010110000011
What is -66 (base 9) in base 4?
-330
8049 (base 12) to base 9
21033
43135 (base 7) to base 9
15617
2c (base 15) to base 14
30
1001101100111 (base 2) to base 5
124332
What is -188 (base 10) in base 16?
-bc
-2722 (base 8) to base 6
-10522
Convert -bcc (base 14) to base 3.
-10012112
1201211 (base 3) to base 11
a4a
Convert 10001100010000 (base 2) to base 14.
33b2
What is -76337 (base 9) in base 12?
-2532a
Convert -547 (base 9) to base 13.
-286
Convert 100011111001011 (base 2) to base 4.
10133023
Convert -38604 (base 10) to base 9.
-57853
-2d3d (base 15) to base 9
-14314
Convert 12346 (base 8) to base 5.
132400
Convert 319 (base 14) to base 5.
4421
-13401 (base 8) to base 7
-23112
13331 (base 4) to base 15
23e
2646 (base 8) to base 3
1222120
What is 12202200 (base 3) in base 10?
4203
-4a28 (base 12) to base 4
-2003000
Convert 10202022111 (base 3) to base 9.
122274
What is 2d5 (base 16) in base 12?
505
What is -646b (base 14) in base 5?
-1023333
Convert 5254 (base 13) to base 14.
421a
a48 (base 15) to base 9
3155
-113144 (base 7) to base 10
-20318
What is -100011 (base 6) in base 5?
-222113
What is -326 (base 14) in base 8?
-1156
Convert -35120 (base 7) to base 8.
-21425
242 (base 8) to base 4
2202
Convert 1112 (base 5) to base 13.
c1
What is c8da (base 16) in base 3?
2121112101
What is 433131 (base 5) in base 12?
8687
50903 (base 11) to base 16
12239
Convert 222314 (base 5) to base 4.
1322122
Convert -3411324 (base 5) to base 11.
-41270
-4298 (base 12) to base 2
-1110010010100
Convert 10000011011 (base 2) to base 5.
13201
What is -633 (base 9) in base 15?
-246
What is -13883 (base 9) in base 5?
-300341
-5174 (base 15) to base 4
-10030321
21012122 (base 3) to base 15
1855
What is 7380 (base 14) in base 5?
1114113
What is -401140 (base 6) in base 5?
-2001010
Convert -290c (base 15) to base 12.
-5103
What is 17451 (base 11) in base 2?
101111110110010
What is 1014231 (base 5) in base 2?
100000110110000
What is -4444 (base 8) in base 15?
-a60
What is 22d (base 16) in base 8?
1055
What is 5011 (base 7) in base 16?
6bb
Convert 11501 (base 10) to base 7.
45350
What is 100102222 (base 3) in base 5?
210014
What is 12122 (base 4) in base 15?
1c5
What is -634 (base 10) in base 2?
-1001111010
What is 102122 (base 3) in base 4?
10322
-122110 (base 3) to base 16
-1d7
-21de (base 15) to base 16
-1c10
20301 (base 4) to base 2
1000110001
Convert 1210 (base 6) to base 3.
101220
What is -12138 (base 9) in base 13?
-391a
What is -10100100001 (base 2) in base 16?
-521
Convert 7a95 (base 12) to base 16.
3551
What is 4334 (base 8) in base 11?
1782
What is -10331 (base 5) in base 16?
-2cc
What is 10000101011 (base 2) in base 7?
3053
What is 1212 (base 5) in base 15?
c2
What is -2d75 (base 14) in base 9?
-12143
7764 (base 9) to base 15
1a6d
Convert -403 (base 8) to base 16.
-103
What is 4200 (base 5) in base 15?
26a
Convert 111102 (base 4) to base 6.
10150
What is 1440 (base 9) in base 15?
4c9
What is -1444104 (base 5) in base 7?
-156554
Convert 1288 (base 11) to base 14.
873
Convert -d49 (base 14) to base 6.
-20033
Convert -1b65 (base 13) to base 8.
-10053
What is 5211 (base 8) in base 6?
20253
Convert -30 (base 16) to base 9.
-53
What is -12230 (base 10) in base 13?
-574a
-1581 (base 11) to base 9
-2700
1243 (base 6) to base 11
267
What is 2583 (base 11) in base 10?
3358
What is 1437 (base 16) in base 10?
5175
Convert -1133022 (base 4) to base 16.
-17ca
-3560 (base 7) to base 15
-5cb
Convert 303231 (base 5) to base 16.
2658
23 (base 4) to base 7
14
What is -370 (base 11) in base 15?
-1e5
Convert 16a0 (base 13) to base 8.
6415
Convert -1146 (base 8) to base 13.
-383
-101212 (base 3) to base 14
-16d
What is 122212 (base 3) in base 2?
111100010
What is -10130 (base 6) in base 8?
-2506
Convert 222130 (base 5) to base 3.
101200112
Convert -101000001 (base 2) to base 8.
-501
Convert 163 (base 10) to base 8.
243
-2b015 (base 12) to base 3
-10001222122
What is -1100101011101 (base 2) in base 10?
-6493
110342 (base 5) to base 3
12021111
Convert 241 (base 15) to base 11.
425
-1155 (base 6) to base 12
-1bb
What is 200301 (base 4) in base 2?
100000110001
20344 (base 7) to base 6
35021
Convert -20754 (base 11) to base 3.
-1112102002
1232 (base 4) to base 14
7c
-21456 (base 9) to base 10
-14226
What is -544b (base 16) in base 2?
-101010001001011
Convert 1552 (base 6) to base 12.
2b8
What is 5a9 (base 15) in base 4?
110010
4154 (base 9) to base 12
191a
Convert -101020122 (base 3) to base 6.
-54325
Convert 68a4 (base 13) to base 9.
22107
Convert -11524 (base 10) to base 5.
-332044
What is 11032331 (base 4) in base 5?
1141222
What is 733 (base 10) in base 3?
1000011
-331 (base 14) to base 7
-1561
Convert 43201 (base 5) to base 12.
183a
Convert 2 (base 14) to base 6.
2
-2eb2 (base 15) to base 3
-111210212
18315 (base 10) to base 11
12840
What is -86 (base 15) in base 13?
-99
3294 (base 10) to base 7
12414
Convert -7067 (base 8) to base 12.
-2133
What is -237 (base 11) in base 8?
-432
-20125 (base 13) to base 7
-326056
What is -16e (base 16) in base 15?
-196
Convert b4c3 (base 13) to base 10.
25002
Convert -1126 (base 13) to base 6.
-15034
What is 4351 (base 9) in base 3?
11101201
10882 (base 9) to base 2
1110001110011
15b (base 16) to base 12
24b
Convert 20113132 (base 4) to base 13.
127a2
-698 (base 11) to base 16
-341
20220 (base 4) to base 3
202110
What is -3503 (base 11) in base 10?
-4601
What is -677 (base 8) in base 4?
-12333
Convert -43131 (base 9) to base 5.
-1403130
What is -1c19 (base 15) in base 5?
-143344
What is 122215 (base 6) in base 4?
2222003
What is 10100110010 (base 2) in base 9?
1737
Convert 563 (base 12) to base 13.
492
Convert -66c (base 13) to base 5.
-13404
Convert 3565 (base 8) to base 12.
1131
Convert -10808 (base 9) to base 16.
-1c31
8684 (base 10) to base 11
6585
-2021220 (base 3) to base 4
-122013
Convert 167c (base 16) to base 5.
141011
126ab (base 13) to base 15
a190
Convert -102221222 (base 3) to base 11.
-6608
Convert a833 (base 14) to base 16.
717d
What is 832c (base 15) in base 9?
42016
Convert -10021211200 (base 3) to base 2.
-1111110011111100
What is -7304 (base 9) in base 2?
-1010011100110
Convert 3120 (base 6) to base 15.
316
Convert -4101 (base 10) to base 7.
-14646
What is -357 (base 16) in base 4?
-31113
Convert -2b2a (base 12) to base 9.
-6857
Convert -2 (base 3) to base 4.
-2
Convert -61175 (base 8) to base 12.
-12711
What is 415 (base 15) in base 10?
920
Convert 122210210 (base 3) to base 6.
140033
-3204 (base 5) to base 11
-360
What is -221 (base 6) in base 8?
-125
Convert -102000 (base 3) to base 7.
-603
331c (base 15) to base 11
8153
What is 22225 (base 7) in base 4?
1113211
What is 31 (base 14) in base 13?
34
What is 2365 (base 8) in base 13?
768
Convert -1233 (base 4) to base 15.
-76
2418 (base 10) to base 12
1496
1110111 (base 2) to base 8
167
-4163 (base 7) to base 10
-1466
Convert -1623a (base 14) to base 6.
-1104044
What is 1000011110100 (base 2) in base 7?
15440
What is 25655 (base 11) in base 9?
55333
What is 23120 (base 6) in base 16?
cd8
-37c5 (base 15) to base 4
-2321231
Convert -83a4 (base 14) to base 12.
-11164
Convert 2120202220 (base 3) to base 10.
50865
What is 167 (base 9) in base 8?
216
-663a (base 11) to base 9
-13007
What is 10178 (base 12) in base 6?
241032
What is 10243 (base 11) in base 10?
14930
What is -922 (base 11) in base 7?
-3150
Convert 7066 (base 11) to base 7.
36242
Convert -9414 (base 11) to base 10.
-12478
What is 11640 (base 9) in base 4?
1322010
What is -60b (base 12) in base 14?
-467
What is -13110200 (base 4) in base 10?
-29984
Convert b2b (base 15) to base 9.
3405
Convert 15840 (base 14) to base 12.
27140
2022 (base 10) to base 15
8ec
2148 (base 14) to base 3
21212220
Convert -101342 (base 5) to base 9.
-4528
-300